{"id":7,"date":"2019-04-07T13:56:34","date_gmt":"2019-04-07T17:56:34","guid":{"rendered":"https:\/\/informationalself.com\/index.php\/exemple-de-page\/"},"modified":"2022-12-30T13:20:13","modified_gmt":"2022-12-30T18:20:13","slug":"exemple-de-page","status":"publish","type":"page","link":"https:\/\/informationalself.com\/index.php\/exemple-de-page\/?lang=fr","title":{"rendered":"La spiritualit\u00e9 est mieux comprise comme notre soi informationnel-computationnel."},"content":{"rendered":"\n<blockquote class=\"wp-block-quote is-layout-flow wp-block-quote-is-layout-flow\"><p>La spiritualit\u00e9 et ses aspects surnaturels peuvent \u00eatre mieux compris comme nos informations et leur traitement dans notre corps. <\/p><p>Nous sommes, et en grande partie, essentiellement informationnel. L&#8217;information et le traitement de l&#8217;information sont ce que l&#8217;humanit\u00e9 a appel\u00e9 en grande partie le spirituellement jusqu&#8217;\u00e0 pr\u00e9sent. <\/p><p>L&#8217;information et son traitement est fondamental \u00e0 la vie. L&#8217;information est unique en ayant aucune masse et finalement presque immat\u00e9rielle, mais elle existe. En outre, elle est essentielle \u00e0 la vie et \u00e0 l&#8217;identit\u00e9. N\u2019est-ce pas ce qui est au c\u0153ur du concept de l\u2019esprit?<\/p><p><em>Le soi informationnel, de son codage et le traitement des informations sur notre ADN ainsi que les informations cr\u00e9\u00e9es par ce que nous avons appris, est meilleur que ce que nous comprenons comme \u00e9tant l&#8217;esprit. <\/em><br\/><\/p><p>Bienvenue sur Le soi informationnel.<\/p><\/blockquote>\n","protected":false},"excerpt":{"rendered":"<p>La spiritualit\u00e9 et ses aspects surnaturels peuvent \u00eatre mieux compris comme nos informations et leur traitement dans notre corps. Nous sommes, et en grande partie, essentiellement informationnel. L&#8217;information et le traitement de l&#8217;information sont ce que l&#8217;humanit\u00e9 a appel\u00e9 en grande partie le spirituellement jusqu&#8217;\u00e0 pr\u00e9sent. L&#8217;information et son traitement est fondamental \u00e0 la vie. &hellip; <\/p>\n<p class=\"link-more\"><a href=\"https:\/\/informationalself.com\/index.php\/exemple-de-page\/?lang=fr\" class=\"more-link\">Continue reading<span class=\"screen-reader-text\"> &#8220;La spiritualit\u00e9 est mieux comprise comme notre soi informationnel-computationnel.&#8221;<\/span><\/a><\/p>\n","protected":false},"author":1,"featured_media":0,"parent":0,"menu_order":0,"comment_status":"closed","ping_status":"open","template":"","meta":{"footnotes":""},"class_list":["post-7","page","type-page","status-publish","hentry"],"yoast_head":"<!-- This site is optimized with the Yoast SEO plugin v27.4 - https:\/\/yoast.com\/product\/yoast-seo-wordpress\/ -->\n<title>La spiritualit\u00e9 est mieux comprise comme notre soi informationnel-computationnel. - Informational Self<\/title>\n<meta name=\"robots\" content=\"index, follow, max-snippet:-1, max-image-preview:large, max-video-preview:-1\" \/>\n<link rel=\"canonical\" href=\"https:\/\/informationalself.com\/index.php\/exemple-de-page\/\" \/>\n<meta property=\"og:locale\" content=\"en_US\" \/>\n<meta property=\"og:type\" content=\"article\" \/>\n<meta property=\"og:title\" content=\"La spiritualit\u00e9 est mieux comprise comme notre soi informationnel-computationnel. - Informational Self\" \/>\n<meta property=\"og:description\" content=\"La spiritualit\u00e9 et ses aspects surnaturels peuvent \u00eatre mieux compris comme nos informations et leur traitement dans notre corps. Nous sommes, et en grande partie, essentiellement informationnel. L&#8217;information et le traitement de l&#8217;information sont ce que l&#8217;humanit\u00e9 a appel\u00e9 en grande partie le spirituellement jusqu&#8217;\u00e0 pr\u00e9sent. L&#8217;information et son traitement est fondamental \u00e0 la vie. &hellip; Continue reading &quot;La spiritualit\u00e9 est mieux comprise comme notre soi informationnel-computationnel.&quot;\" \/>\n<meta property=\"og:url\" content=\"https:\/\/informationalself.com\/index.php\/exemple-de-page\/?lang=fr\" \/>\n<meta property=\"og:site_name\" content=\"Informational Self\" \/>\n<meta property=\"article:modified_time\" content=\"2022-12-30T18:20:13+00:00\" \/>\n<meta name=\"twitter:card\" content=\"summary_large_image\" \/>\n<meta name=\"twitter:label1\" content=\"Est. reading time\" \/>\n\t<meta name=\"twitter:data1\" content=\"1 minute\" \/>\n<script type=\"application\/ld+json\" class=\"yoast-schema-graph\">{\"@context\":\"https:\\\/\\\/schema.org\",\"@graph\":[{\"@type\":\"WebPage\",\"@id\":\"https:\\\/\\\/informationalself.com\\\/index.php\\\/exemple-de-page\\\/?lang=fr\",\"url\":\"https:\\\/\\\/informationalself.com\\\/index.php\\\/exemple-de-page\\\/?lang=fr\",\"name\":\"La spiritualit\u00e9 est mieux comprise comme notre soi informationnel-computationnel. - Informational Self\",\"isPartOf\":{\"@id\":\"https:\\\/\\\/informationalself.com\\\/#website\"},\"datePublished\":\"2019-04-07T17:56:34+00:00\",\"dateModified\":\"2022-12-30T18:20:13+00:00\",\"breadcrumb\":{\"@id\":\"https:\\\/\\\/informationalself.com\\\/index.php\\\/exemple-de-page\\\/?lang=fr#breadcrumb\"},\"inLanguage\":\"en-US\",\"potentialAction\":[{\"@type\":\"ReadAction\",\"target\":[\"https:\\\/\\\/informationalself.com\\\/index.php\\\/exemple-de-page\\\/?lang=fr\"]}]},{\"@type\":\"BreadcrumbList\",\"@id\":\"https:\\\/\\\/informationalself.com\\\/index.php\\\/exemple-de-page\\\/?lang=fr#breadcrumb\",\"itemListElement\":[{\"@type\":\"ListItem\",\"position\":1,\"name\":\"Home\",\"item\":\"https:\\\/\\\/informationalself.com\\\/\"},{\"@type\":\"ListItem\",\"position\":2,\"name\":\"La spiritualit\u00e9 est mieux comprise comme notre soi informationnel-computationnel.\"}]},{\"@type\":\"WebSite\",\"@id\":\"https:\\\/\\\/informationalself.com\\\/#website\",\"url\":\"https:\\\/\\\/informationalself.com\\\/\",\"name\":\"Informational Self\",\"description\":\"Not spirit but information\",\"publisher\":{\"@id\":\"https:\\\/\\\/informationalself.com\\\/#organization\"},\"potentialAction\":[{\"@type\":\"SearchAction\",\"target\":{\"@type\":\"EntryPoint\",\"urlTemplate\":\"https:\\\/\\\/informationalself.com\\\/?s={search_term_string}\"},\"query-input\":{\"@type\":\"PropertyValueSpecification\",\"valueRequired\":true,\"valueName\":\"search_term_string\"}}],\"inLanguage\":\"en-US\"},{\"@type\":\"Organization\",\"@id\":\"https:\\\/\\\/informationalself.com\\\/#organization\",\"name\":\"Informational Self\",\"url\":\"https:\\\/\\\/informationalself.com\\\/\",\"logo\":{\"@type\":\"ImageObject\",\"inLanguage\":\"en-US\",\"@id\":\"https:\\\/\\\/informationalself.com\\\/#\\\/schema\\\/logo\\\/image\\\/\",\"url\":\"https:\\\/\\\/informationalself.com\\\/wp-content\\\/uploads\\\/2019\\\/10\\\/cropped-japanese-maple-branching-complexity-1.jpg\",\"contentUrl\":\"https:\\\/\\\/informationalself.com\\\/wp-content\\\/uploads\\\/2019\\\/10\\\/cropped-japanese-maple-branching-complexity-1.jpg\",\"width\":2000,\"height\":2515,\"caption\":\"Informational Self\"},\"image\":{\"@id\":\"https:\\\/\\\/informationalself.com\\\/#\\\/schema\\\/logo\\\/image\\\/\"}}]}<\/script>\n<!-- \/ Yoast SEO plugin. -->","yoast_head_json":{"title":"La spiritualit\u00e9 est mieux comprise comme notre soi informationnel-computationnel. - Informational Self","robots":{"index":"index","follow":"follow","max-snippet":"max-snippet:-1","max-image-preview":"max-image-preview:large","max-video-preview":"max-video-preview:-1"},"canonical":"https:\/\/informationalself.com\/index.php\/exemple-de-page\/","og_locale":"en_US","og_type":"article","og_title":"La spiritualit\u00e9 est mieux comprise comme notre soi informationnel-computationnel. - Informational Self","og_description":"La spiritualit\u00e9 et ses aspects surnaturels peuvent \u00eatre mieux compris comme nos informations et leur traitement dans notre corps. Nous sommes, et en grande partie, essentiellement informationnel. L&#8217;information et le traitement de l&#8217;information sont ce que l&#8217;humanit\u00e9 a appel\u00e9 en grande partie le spirituellement jusqu&#8217;\u00e0 pr\u00e9sent. L&#8217;information et son traitement est fondamental \u00e0 la vie. &hellip; Continue reading \"La spiritualit\u00e9 est mieux comprise comme notre soi informationnel-computationnel.\"","og_url":"https:\/\/informationalself.com\/index.php\/exemple-de-page\/?lang=fr","og_site_name":"Informational Self","article_modified_time":"2022-12-30T18:20:13+00:00","twitter_card":"summary_large_image","twitter_misc":{"Est. reading time":"1 minute"},"schema":{"@context":"https:\/\/schema.org","@graph":[{"@type":"WebPage","@id":"https:\/\/informationalself.com\/index.php\/exemple-de-page\/?lang=fr","url":"https:\/\/informationalself.com\/index.php\/exemple-de-page\/?lang=fr","name":"La spiritualit\u00e9 est mieux comprise comme notre soi informationnel-computationnel. - Informational Self","isPartOf":{"@id":"https:\/\/informationalself.com\/#website"},"datePublished":"2019-04-07T17:56:34+00:00","dateModified":"2022-12-30T18:20:13+00:00","breadcrumb":{"@id":"https:\/\/informationalself.com\/index.php\/exemple-de-page\/?lang=fr#breadcrumb"},"inLanguage":"en-US","potentialAction":[{"@type":"ReadAction","target":["https:\/\/informationalself.com\/index.php\/exemple-de-page\/?lang=fr"]}]},{"@type":"BreadcrumbList","@id":"https:\/\/informationalself.com\/index.php\/exemple-de-page\/?lang=fr#breadcrumb","itemListElement":[{"@type":"ListItem","position":1,"name":"Home","item":"https:\/\/informationalself.com\/"},{"@type":"ListItem","position":2,"name":"La spiritualit\u00e9 est mieux comprise comme notre soi informationnel-computationnel."}]},{"@type":"WebSite","@id":"https:\/\/informationalself.com\/#website","url":"https:\/\/informationalself.com\/","name":"Informational Self","description":"Not spirit but information","publisher":{"@id":"https:\/\/informationalself.com\/#organization"},"potentialAction":[{"@type":"SearchAction","target":{"@type":"EntryPoint","urlTemplate":"https:\/\/informationalself.com\/?s={search_term_string}"},"query-input":{"@type":"PropertyValueSpecification","valueRequired":true,"valueName":"search_term_string"}}],"inLanguage":"en-US"},{"@type":"Organization","@id":"https:\/\/informationalself.com\/#organization","name":"Informational Self","url":"https:\/\/informationalself.com\/","logo":{"@type":"ImageObject","inLanguage":"en-US","@id":"https:\/\/informationalself.com\/#\/schema\/logo\/image\/","url":"https:\/\/informationalself.com\/wp-content\/uploads\/2019\/10\/cropped-japanese-maple-branching-complexity-1.jpg","contentUrl":"https:\/\/informationalself.com\/wp-content\/uploads\/2019\/10\/cropped-japanese-maple-branching-complexity-1.jpg","width":2000,"height":2515,"caption":"Informational Self"},"image":{"@id":"https:\/\/informationalself.com\/#\/schema\/logo\/image\/"}}]}},"_links":{"self":[{"href":"https:\/\/informationalself.com\/index.php\/wp-json\/wp\/v2\/pages\/7","targetHints":{"allow":["GET"]}}],"collection":[{"href":"https:\/\/informationalself.com\/index.php\/wp-json\/wp\/v2\/pages"}],"about":[{"href":"https:\/\/informationalself.com\/index.php\/wp-json\/wp\/v2\/types\/page"}],"author":[{"embeddable":true,"href":"https:\/\/informationalself.com\/index.php\/wp-json\/wp\/v2\/users\/1"}],"replies":[{"embeddable":true,"href":"https:\/\/informationalself.com\/index.php\/wp-json\/wp\/v2\/comments?post=7"}],"version-history":[{"count":51,"href":"https:\/\/informationalself.com\/index.php\/wp-json\/wp\/v2\/pages\/7\/revisions"}],"predecessor-version":[{"id":549,"href":"https:\/\/informationalself.com\/index.php\/wp-json\/wp\/v2\/pages\/7\/revisions\/549"}],"wp:attachment":[{"href":"https:\/\/informationalself.com\/index.php\/wp-json\/wp\/v2\/media?parent=7"}],"curies":[{"name":"wp","href":"https:\/\/api.w.org\/{rel}","templated":true}]}}