{"id":495,"date":"2021-10-15T13:09:35","date_gmt":"2021-10-15T17:09:35","guid":{"rendered":"https:\/\/informationalself.com\/index.php\/la-spiritualita-e-meglio-compresa-come-il-nostro-se-informativo-computazionale\/"},"modified":"2021-10-15T13:09:35","modified_gmt":"2021-10-15T17:09:35","slug":"la-spiritualita-e-meglio-compresa-come-il-nostro-se-informativo-computazionale","status":"publish","type":"page","link":"https:\/\/informationalself.com\/index.php\/la-spiritualita-e-meglio-compresa-come-il-nostro-se-informativo-computazionale\/?lang=it","title":{"rendered":"La spiritualit\u00e0 \u00e8 meglio compresa come il nostro s\u00e9 informativo-computazionale"},"content":{"rendered":"\n<blockquote class=\"wp-block-quote is-layout-flow wp-block-quote-is-layout-flow\"><p>La spiritualit\u00e0 ei suoi aspetti soprannaturali possono essere meglio compresi come informazioni nel nostro corpo. <\/p><p>Siamo informativi in misura molto significativa. L&#8217;informazione e l&#8217;elaborazione dell&#8217;informazione \u00e8 ci\u00f2 che l&#8217;umanit\u00e0 fino ad ora ha chiamato spiritualmente. <\/p><p>L&#8217;informazione \u00e8 unicamente priva di peso e quasi immateriale, ma esiste e inoltre \u00e8 essenziale per la vita. Non \u00e8 questo che sta al centro del concetto di spirito?<\/p><p><em>Il s\u00e9 informativo, comprese le informazioni codificate sul nostro DNA e le informazioni create da ci\u00f2 che abbiamo appreso, \u00e8 migliore di ci\u00f2 che intendiamo come spirito. <\/em><br\/><\/p><p>Benvenuti nel S\u00e9 Informativo.<\/p><\/blockquote>\n","protected":false},"excerpt":{"rendered":"<p>La spiritualit\u00e0 ei suoi aspetti soprannaturali possono essere meglio compresi come informazioni nel nostro corpo. Siamo informativi in misura molto significativa. L&#8217;informazione e l&#8217;elaborazione dell&#8217;informazione \u00e8 ci\u00f2 che l&#8217;umanit\u00e0 fino ad ora ha chiamato spiritualmente. L&#8217;informazione \u00e8 unicamente priva di peso e quasi immateriale, ma esiste e inoltre \u00e8 essenziale per la vita. Non \u00e8 &hellip; <\/p>\n<p class=\"link-more\"><a href=\"https:\/\/informationalself.com\/index.php\/la-spiritualita-e-meglio-compresa-come-il-nostro-se-informativo-computazionale\/?lang=it\" class=\"more-link\">Continue reading<span class=\"screen-reader-text\"> &#8220;La spiritualit\u00e0 \u00e8 meglio compresa come il nostro s\u00e9 informativo-computazionale&#8221;<\/span><\/a><\/p>\n","protected":false},"author":1,"featured_media":0,"parent":0,"menu_order":0,"comment_status":"closed","ping_status":"open","template":"","meta":{"footnotes":""},"class_list":["post-495","page","type-page","status-publish","hentry"],"yoast_head":"<!-- This site is optimized with the Yoast SEO plugin v27.4 - https:\/\/yoast.com\/product\/yoast-seo-wordpress\/ -->\n<title>La spiritualit\u00e0 \u00e8 meglio compresa come il nostro s\u00e9 informativo-computazionale - Informational Self<\/title>\n<meta name=\"robots\" content=\"index, follow, max-snippet:-1, max-image-preview:large, max-video-preview:-1\" \/>\n<link rel=\"canonical\" href=\"https:\/\/informationalself.com\/index.php\/la-spiritualita-e-meglio-compresa-come-il-nostro-se-informativo-computazionale\/\" \/>\n<meta property=\"og:locale\" content=\"en_US\" \/>\n<meta property=\"og:type\" content=\"article\" \/>\n<meta property=\"og:title\" content=\"La spiritualit\u00e0 \u00e8 meglio compresa come il nostro s\u00e9 informativo-computazionale - Informational Self\" \/>\n<meta property=\"og:description\" content=\"La spiritualit\u00e0 ei suoi aspetti soprannaturali possono essere meglio compresi come informazioni nel nostro corpo. Siamo informativi in misura molto significativa. L&#8217;informazione e l&#8217;elaborazione dell&#8217;informazione \u00e8 ci\u00f2 che l&#8217;umanit\u00e0 fino ad ora ha chiamato spiritualmente. L&#8217;informazione \u00e8 unicamente priva di peso e quasi immateriale, ma esiste e inoltre \u00e8 essenziale per la vita. Non \u00e8 &hellip; Continue reading &quot;La spiritualit\u00e0 \u00e8 meglio compresa come il nostro s\u00e9 informativo-computazionale&quot;\" \/>\n<meta property=\"og:url\" content=\"https:\/\/informationalself.com\/index.php\/la-spiritualita-e-meglio-compresa-come-il-nostro-se-informativo-computazionale\/?lang=it\" \/>\n<meta property=\"og:site_name\" content=\"Informational Self\" \/>\n<meta name=\"twitter:card\" content=\"summary_large_image\" \/>\n<script type=\"application\/ld+json\" class=\"yoast-schema-graph\">{\"@context\":\"https:\\\/\\\/schema.org\",\"@graph\":[{\"@type\":\"WebPage\",\"@id\":\"https:\\\/\\\/informationalself.com\\\/index.php\\\/la-spiritualita-e-meglio-compresa-come-il-nostro-se-informativo-computazionale\\\/?lang=it\",\"url\":\"https:\\\/\\\/informationalself.com\\\/index.php\\\/la-spiritualita-e-meglio-compresa-come-il-nostro-se-informativo-computazionale\\\/?lang=it\",\"name\":\"La spiritualit\u00e0 \u00e8 meglio compresa come il nostro s\u00e9 informativo-computazionale - Informational Self\",\"isPartOf\":{\"@id\":\"https:\\\/\\\/informationalself.com\\\/#website\"},\"datePublished\":\"2021-10-15T17:09:35+00:00\",\"breadcrumb\":{\"@id\":\"https:\\\/\\\/informationalself.com\\\/index.php\\\/la-spiritualita-e-meglio-compresa-come-il-nostro-se-informativo-computazionale\\\/?lang=it#breadcrumb\"},\"inLanguage\":\"en-US\",\"potentialAction\":[{\"@type\":\"ReadAction\",\"target\":[\"https:\\\/\\\/informationalself.com\\\/index.php\\\/la-spiritualita-e-meglio-compresa-come-il-nostro-se-informativo-computazionale\\\/?lang=it\"]}]},{\"@type\":\"BreadcrumbList\",\"@id\":\"https:\\\/\\\/informationalself.com\\\/index.php\\\/la-spiritualita-e-meglio-compresa-come-il-nostro-se-informativo-computazionale\\\/?lang=it#breadcrumb\",\"itemListElement\":[{\"@type\":\"ListItem\",\"position\":1,\"name\":\"Home\",\"item\":\"https:\\\/\\\/informationalself.com\\\/\"},{\"@type\":\"ListItem\",\"position\":2,\"name\":\"La spiritualit\u00e0 \u00e8 meglio compresa come il nostro s\u00e9 informativo-computazionale\"}]},{\"@type\":\"WebSite\",\"@id\":\"https:\\\/\\\/informationalself.com\\\/#website\",\"url\":\"https:\\\/\\\/informationalself.com\\\/\",\"name\":\"Informational Self\",\"description\":\"Not spirit but information\",\"publisher\":{\"@id\":\"https:\\\/\\\/informationalself.com\\\/#organization\"},\"potentialAction\":[{\"@type\":\"SearchAction\",\"target\":{\"@type\":\"EntryPoint\",\"urlTemplate\":\"https:\\\/\\\/informationalself.com\\\/?s={search_term_string}\"},\"query-input\":{\"@type\":\"PropertyValueSpecification\",\"valueRequired\":true,\"valueName\":\"search_term_string\"}}],\"inLanguage\":\"en-US\"},{\"@type\":\"Organization\",\"@id\":\"https:\\\/\\\/informationalself.com\\\/#organization\",\"name\":\"Informational Self\",\"url\":\"https:\\\/\\\/informationalself.com\\\/\",\"logo\":{\"@type\":\"ImageObject\",\"inLanguage\":\"en-US\",\"@id\":\"https:\\\/\\\/informationalself.com\\\/#\\\/schema\\\/logo\\\/image\\\/\",\"url\":\"https:\\\/\\\/informationalself.com\\\/wp-content\\\/uploads\\\/2019\\\/10\\\/cropped-japanese-maple-branching-complexity-1.jpg\",\"contentUrl\":\"https:\\\/\\\/informationalself.com\\\/wp-content\\\/uploads\\\/2019\\\/10\\\/cropped-japanese-maple-branching-complexity-1.jpg\",\"width\":2000,\"height\":2515,\"caption\":\"Informational Self\"},\"image\":{\"@id\":\"https:\\\/\\\/informationalself.com\\\/#\\\/schema\\\/logo\\\/image\\\/\"}}]}<\/script>\n<!-- \/ Yoast SEO plugin. -->","yoast_head_json":{"title":"La spiritualit\u00e0 \u00e8 meglio compresa come il nostro s\u00e9 informativo-computazionale - Informational Self","robots":{"index":"index","follow":"follow","max-snippet":"max-snippet:-1","max-image-preview":"max-image-preview:large","max-video-preview":"max-video-preview:-1"},"canonical":"https:\/\/informationalself.com\/index.php\/la-spiritualita-e-meglio-compresa-come-il-nostro-se-informativo-computazionale\/","og_locale":"en_US","og_type":"article","og_title":"La spiritualit\u00e0 \u00e8 meglio compresa come il nostro s\u00e9 informativo-computazionale - Informational Self","og_description":"La spiritualit\u00e0 ei suoi aspetti soprannaturali possono essere meglio compresi come informazioni nel nostro corpo. Siamo informativi in misura molto significativa. L&#8217;informazione e l&#8217;elaborazione dell&#8217;informazione \u00e8 ci\u00f2 che l&#8217;umanit\u00e0 fino ad ora ha chiamato spiritualmente. L&#8217;informazione \u00e8 unicamente priva di peso e quasi immateriale, ma esiste e inoltre \u00e8 essenziale per la vita. Non \u00e8 &hellip; Continue reading \"La spiritualit\u00e0 \u00e8 meglio compresa come il nostro s\u00e9 informativo-computazionale\"","og_url":"https:\/\/informationalself.com\/index.php\/la-spiritualita-e-meglio-compresa-come-il-nostro-se-informativo-computazionale\/?lang=it","og_site_name":"Informational Self","twitter_card":"summary_large_image","schema":{"@context":"https:\/\/schema.org","@graph":[{"@type":"WebPage","@id":"https:\/\/informationalself.com\/index.php\/la-spiritualita-e-meglio-compresa-come-il-nostro-se-informativo-computazionale\/?lang=it","url":"https:\/\/informationalself.com\/index.php\/la-spiritualita-e-meglio-compresa-come-il-nostro-se-informativo-computazionale\/?lang=it","name":"La spiritualit\u00e0 \u00e8 meglio compresa come il nostro s\u00e9 informativo-computazionale - Informational Self","isPartOf":{"@id":"https:\/\/informationalself.com\/#website"},"datePublished":"2021-10-15T17:09:35+00:00","breadcrumb":{"@id":"https:\/\/informationalself.com\/index.php\/la-spiritualita-e-meglio-compresa-come-il-nostro-se-informativo-computazionale\/?lang=it#breadcrumb"},"inLanguage":"en-US","potentialAction":[{"@type":"ReadAction","target":["https:\/\/informationalself.com\/index.php\/la-spiritualita-e-meglio-compresa-come-il-nostro-se-informativo-computazionale\/?lang=it"]}]},{"@type":"BreadcrumbList","@id":"https:\/\/informationalself.com\/index.php\/la-spiritualita-e-meglio-compresa-come-il-nostro-se-informativo-computazionale\/?lang=it#breadcrumb","itemListElement":[{"@type":"ListItem","position":1,"name":"Home","item":"https:\/\/informationalself.com\/"},{"@type":"ListItem","position":2,"name":"La spiritualit\u00e0 \u00e8 meglio compresa come il nostro s\u00e9 informativo-computazionale"}]},{"@type":"WebSite","@id":"https:\/\/informationalself.com\/#website","url":"https:\/\/informationalself.com\/","name":"Informational Self","description":"Not spirit but information","publisher":{"@id":"https:\/\/informationalself.com\/#organization"},"potentialAction":[{"@type":"SearchAction","target":{"@type":"EntryPoint","urlTemplate":"https:\/\/informationalself.com\/?s={search_term_string}"},"query-input":{"@type":"PropertyValueSpecification","valueRequired":true,"valueName":"search_term_string"}}],"inLanguage":"en-US"},{"@type":"Organization","@id":"https:\/\/informationalself.com\/#organization","name":"Informational Self","url":"https:\/\/informationalself.com\/","logo":{"@type":"ImageObject","inLanguage":"en-US","@id":"https:\/\/informationalself.com\/#\/schema\/logo\/image\/","url":"https:\/\/informationalself.com\/wp-content\/uploads\/2019\/10\/cropped-japanese-maple-branching-complexity-1.jpg","contentUrl":"https:\/\/informationalself.com\/wp-content\/uploads\/2019\/10\/cropped-japanese-maple-branching-complexity-1.jpg","width":2000,"height":2515,"caption":"Informational Self"},"image":{"@id":"https:\/\/informationalself.com\/#\/schema\/logo\/image\/"}}]}},"_links":{"self":[{"href":"https:\/\/informationalself.com\/index.php\/wp-json\/wp\/v2\/pages\/495","targetHints":{"allow":["GET"]}}],"collection":[{"href":"https:\/\/informationalself.com\/index.php\/wp-json\/wp\/v2\/pages"}],"about":[{"href":"https:\/\/informationalself.com\/index.php\/wp-json\/wp\/v2\/types\/page"}],"author":[{"embeddable":true,"href":"https:\/\/informationalself.com\/index.php\/wp-json\/wp\/v2\/users\/1"}],"replies":[{"embeddable":true,"href":"https:\/\/informationalself.com\/index.php\/wp-json\/wp\/v2\/comments?post=495"}],"version-history":[{"count":1,"href":"https:\/\/informationalself.com\/index.php\/wp-json\/wp\/v2\/pages\/495\/revisions"}],"predecessor-version":[{"id":497,"href":"https:\/\/informationalself.com\/index.php\/wp-json\/wp\/v2\/pages\/495\/revisions\/497"}],"wp:attachment":[{"href":"https:\/\/informationalself.com\/index.php\/wp-json\/wp\/v2\/media?parent=495"}],"curies":[{"name":"wp","href":"https:\/\/api.w.org\/{rel}","templated":true}]}}